t common factor of v and 11.
11
Let i be (-25)/3 - (-8)/(-12). Let y be (-1)/3 - 66/i. Suppose 4*x = -4*w + 3*x + 305, -4*w = -x - 311. Calculate the highest common divisor of w and y.
7
Let k = -86 + 101. Calculate the highest common divisor of 210 and k.
15
Let v = 17 - 6. Let t = 10 + v. What is the highest common divisor of t and 42?
21
Let o be 0 - (0 - -44)/(-4). What is the highest common divisor of 44 and o?
11
Suppose -4*j + 40 = l, -2*j + 50 = 5*l - 3*l. What is the highest common divisor of 8 and l?
4
Suppose 0 = g + 5*s - 94, g - 3*s = 2*s + 114. Suppose 5*x - 12 = -2*q + 55, 5*q + 34 = 3*x. Calculate the highest common factor of x and g.
13
Let r(x) = x**3 + 9*x**2 + 6*x - 4. Let m = -13 - -5. Let d be r(m). Calculate the greatest common factor of 12 and d.
12
Let i be ((-14)/(-7))/(2/17). Let t = i + 11. What is the greatest common divisor of 112 and t?
28
Let a(j) = -j + 5. Let c be a(-6). Suppose 5*l - 11 = l + t, 4*l - 14 = -2*t. Let z be 22/4*(19 + l). What is the highest common divisor of c and z?
11
Let r = 2 + 19. Suppose d = 2*d - r. Let w(z) = 2*z**2 + z - 1. Let j be w(-3). Calculate the greatest common factor of d and j.
7
Let k(f) = f**2 - f - 4. Let t be k(-4). Let o = t - 6. Let j be 564/14 + (-6)/21. What is the highest common divisor of j and o?
10
Let z be 8/6 - (-10)/15. Let k be 3/z*(9 + -3). Calculate the greatest common divisor of k and 81.
9
Suppose 4*g + 32 = 8*g - 4*m, -5*g - 2*m = -19. Let r = -7 + g. Let k be r*(18/(-4) - 0). What is the greatest common factor of 6 and k?
3
Let t(j) = 2*j + 27. Let s be t(-8). Let z = -29 - -40. Calculate the greatest common factor of s and z.
11
Let q(k) = 2*k - 15. Let l be q(11). What is the greatest common divisor of 7 and l?
7
Suppose 53 = 3*g + 5. Suppose -3*v + 29 = 3*p - 1, 2*p = 3*v + 10. What is the highest common divisor of g and p?
8
Let s = -2 - -65. Calculate the greatest common divisor of s and 42.
21
Let r(a) = 3*a**2 + 6*a + 12. Let p be r(-5). Let f(s) = 2*s**2 - 12. Let i be f(5). Calculate the greatest common divisor of i and p.
19
Let h be -9*1*9/(-27). Suppose -2*v - h*b + 14 = -111, -3*v + 190 = 4*b. Let g = -6 - -20. What is the greatest common divisor of g and v?
14
Let f be ((-2)/6)/((-5)/(-1185)). Let x = f - -136. Calculate the greatest common factor of 19 and x.
19
Let t = -26 + 53. Suppose 5*d - 932 = 148. What is the highest common divisor of t and d?
27
Let r be 4/8 - (-438)/4. Let v be (2 + 7 - -3) + -1. Calculate the highest common factor of v and r.
11
Suppose -2*l + 5*q = 4*q - 160, 3*q = 0. What is the greatest common factor of 32 and l?
16
Let g = -7 + 25. Suppose m = -m - g. Let k be (4/3)/((-2)/m). What is the greatest common factor of 48 and k?
6
Let c(f) = -f**3 - 5*f**2 + f + 4. Let d be c(-5). Let h be (d + -1)/(3/(-6)). Suppose 5*a - 96 = -a. Calculate the greatest common divisor of h and a.
4
Let g = -44 - -56. Calculate the greatest common factor of 42 and g.
6
Let g = 16 - 7. Suppose g + 7 = 2*o. Let b = -1 + 3. What is the highest common divisor of o and b?
2
Suppose -2*u - 3*v + 42 = u, v - 34 = -3*u. Let x(b) = -2*b + 3. Let h be x(3). Let n be h/(1 + 2)*-25. What is the greatest common divisor of u and n?
5
Let t(d) = -5*d**2 - 10*d - 9. Let w be t(-8). Let n = 401 + w. What is the highest common factor of 19 and n?
19
Let a(q) = q**3 - 4*q**2 - 7 - 12*q + q - 2*q**2. Let b be a(8). Calculate the highest common factor of b and 22.
11
Suppose -9*h - 1020 = -14*h. What is the highest common divisor of 12 and h?
12
Suppose 7*z + 160 = 11*z. What is the highest common factor of 200 and z?
40
Let a be ((-12)/36)/(2/(-6)). Calculate the highest common factor of a and 1.
1
Let v = 1 - 3. Let w(z) = -4 + 2*z + 4 - 2 + z**3 + 4*z**2 + 0. Let l be w(v). What is the highest common factor of 3 and l?
1
Let m(u) = 4*u**3 - 2*u**2 - 3*u + 2. Let k be m(2). Suppose -22 = -3*p + k. Calculate the greatest common factor of 14 and p.
14
Suppose 10 = 3*x - 2. Calculate the greatest common factor of 4 and x.
4
Let o(k) = 10*k**3 + 3*k**2 + 3*k. Let u be o(3). What is the highest common divisor of 34 and u?
34
Let t be 1*-2*21/6. Let i be 2/t + 37/7. Suppose 0 = 3*r - i*r + 24. What is the highest common divisor of r and 96?
12
Let a = -21 + 45. Calculate the greatest common divisor of a and 6.
6
Let g(d) be the first derivative of 3*d**2/2 - d - 1. Let r be g(5). Suppose -2*h + 59 = 3*j, j - 13 = -2*h + 4. What is the highest common divisor of j and r?
7
Let m = -77 + 101. What is the greatest common divisor of 312 and m?
24
Let n = 3 - 1. Let m be (2 - (-20)/(-3))*-3. Calculate the greatest common divisor of n and m.
2
Suppose -5*z - 40 = -3*w + 40, 8 = -2*z. Calculate the greatest common divisor of w and 20.
20
Suppose 2*y - 5*i = -0*i - 29, 2*i = 4*y + 18. Let h be (y/6)/(3/(-27)). Suppose -h*k + 6 + 15 = 0. What is the greatest common factor of 28 and k?
7
Let n be (-2586)/(-27) - 4/(-18). What is the greatest common factor of 12 and n?
12
Let w(t) = -4*t - 3. Let i be w(3). Let j = 27 + i. Suppose 16 = 3*v - v. Calculate the greatest common divisor of v and j.
4
Suppose -m = 4*m - 20. Suppose b = -0 + m. Let r be 44/10 - (-4)/(-10). What is the highest common factor of r and b?
4
Let d = 17 - -11. Calculate the highest common divisor of d and 14.
14
Let n be 25/(-50)*(-27 + 1/(-1)). Calculate the highest common factor of 70 and n.
14
Suppose 4 = -5*p + 6*p. Calculate the highest common divisor of 24 and p.
4
Let z(t) = -2*t - 2. Suppose 0 = -2*f + 4, 3*x + 2*x = 2*f - 14. Let h be z(x). What is the highest common factor of 18 and h?
2
Let q = -452 + 662. Suppose 0*d = -2*d + 3*r + 57, -3*d + 5*r = -85. Calculate the highest common divisor of d and q.
30
Let c(z) = -z**2 - 8*z + 25. Let r be c(-8). Calculate the greatest common factor of r and 50.
25
Suppose -5*x - 584 = -3*f, 0 = -0*f + 3*f - x - 592. Calculate the highest common divisor of 18 and f.
18
Let j be (-4)/(-14) + (-996)/7. Let n = j - -99. Let z = -21 - n. Calculate the highest common divisor of 11 and z.
11
Suppose p = 2*p - 64. Calculate the greatest common factor of p and 8.
8
Let m(j) = -6*j + 5. Let o be m(-7). What is the highest common divisor of o and 517?
47
Let h(c) = -c**3 + c + 4. Let f be h(0). Suppose 5*v - 10 = -5*s, -5*s + f*v + 2 = 1. What is the highest common factor of 3 and s?
1
Let a = 4 + -2. Let d(m) = -4*m**2 - 3*m**3 + 4 + 2*m**3 + m + 7*m**a. Let x be d(3). What is the highest common divisor of x and 49?
7
Let j(m) = 19*m**2 - m. Let n be j(1). Suppose 0*s = -s + n. Suppose 4*u = -4, 142 = c - u + 3*u. What is the greatest common factor of c and s?
18
Let c be 66/6*(0 + 1). Calculate the highest common divisor of c and 121.
11
Suppose -92 + 76 = -4*a. What is the greatest common divisor of a and 28?
4
Suppose 89 = c - j, -93 = c - 2*c + 2*j. Calculate the highest common factor of 17 and c.
17
Let b be ((-4)/12)/(1/(-6)). Suppose -10 = -b*m + 56. What is the highest common factor of 3 and m?
3
Suppose -2*h + 77 + 153 = 0. Let k = -115 + 161. Calculate the highest common factor of k and h.
23
Let w be (-2)/6 + 11/(-3). Let o = w - -15. Suppose -4*n + 1 = 2*f - o, -2*f - 5*n + 10 = 0. What is the greatest common divisor of f and 80?
10
Let p be 1 + 0 + (5 - 1). Suppose 4*a + a + 5 = -3*u, u + 1 = -a. Suppose u = -3*d + p + 4. What is the greatest common factor of d and 6?
3
Let i(u) = 10*u**2 + u - 4. Let n be i(-2). Let k be -2 + (-723)/(-3) + -1. Calculate the highest common divisor of k and n.
34
Let k(n) = n**2 - 3*n + 3. Let t be k(3). Calculate the highest common divisor of t and 6.
3
Let b be (-82)/8 - (-2)/8. Let o = b - -11. Calculate the highest common factor of 3 and o.
1
Let k = 21 - 77. Let a be (-22 - -19)*k/3. Calculate the highest common factor of 14 and a.
14
Suppose 0 = 4*j + j - 65. What is the greatest common factor of 65 and j?
13
Suppose -91 = -4*k + 3*h, -k + 5*k - 83 = -5*h. Suppose l + 789 = 5*l + b, 0 = -2*l + 4*b + 408. Calculate the highest common factor of l and k.
22
Let c(m) = -m**3 - 5*m**2 + 8*m + 2. Let j be c(-6). Let w(x) = x**2 - 3*x + 1. Let r be w(-3). Let h = j + r. What is the highest common divisor of 6 and h?
3
Let d be 18032/77 - (-2)/(-11). Calculate the highest common divisor of 26 and d.
26
Let i = -